0 a multiple of 60?
True
Is 14077046 a multiple of 149?
False
Is 14 a factor of 162395521?
False
Is 2374057455 a multiple of 6105?
True
Is 146750135 a multiple of 7?
True
Is 184 a factor of 467480336?
True
Is 307 a factor of 191206155?
False
Is 26 a factor of 103956673?
False
Does 125 divide 2137526766?
False
Is 2123 a factor of 27716058?
False
Does 1641 divide 624425115?
True
Does 11 divide 196735?
True
Does 86 divide 255756260?
True
Does 522 divide 3458391526?
False
Is 5601646 a multiple of 100?
False
Is 4971 a factor of 1021457588?
False
Is 683080768 a multiple of 1618?
True
Is 87 a factor of 797160903?
True
Is 242052206 a multiple of 1286?
True
Does 164 divide 284638400?
True
Does 50 divide 22515007?
False
Is 2276 a factor of 1068873328?
True
Is 370601469 a multiple of 639?
True
Does 34 divide 160115588?
True
Does 99 divide 4192485?
False
Is 67796016 a multiple of 1552?
True
Does 3657 divide 53650015?
False
Is 27235092 a multiple of 7?
False
Is 230313415 a multiple of 28?
False
Is 48 a factor of 901355376?
True
Is 84405742 a multiple of 2203?
True
Is 623 a factor of 5730268644?
False
Is 85015344 a multiple of 6?
True
Does 8 divide 181360309?
False
Is 12 a factor of 1172616756?
True
Is 5101380 a multiple of 27?
True
Is 239 a factor of 28248247?
False
Is 12984314 a multiple of 365?
False
Does 233 divide 4328674?
True
Does 86 divide 1770568?
True
Does 47 divide 116323402?
True
Is 1754 a factor of 40647196?
True
Is 50 a factor of 82500948?
False
Is 10 a factor of 232395030?
True
Does 456 divide 47408353?
False
Does 972 divide 4187107728?
True
Is 2555 a factor of 90362870?
False
Does 18 divide 76521240?
True
Does 456 divide 332663339?
False
Is 18 a factor of 165246768?
True
Is 223 a factor of 29599236?
True
Is 165 a factor of 2450824?
False
Is 807599427 a multiple of 779?
True
Does 3346 divide 182631372?
True
Is 28 a factor of 105157123?
False
Is 3775841 a multiple of 49?
False
Does 26 divide 19936410?
True
Is 861216104 a multiple of 15?
False
Is 36685476 a multiple of 1962?
True
Does 24 divide 17662082?
False
Does 1542 divide 368206470?
True
Does 13 divide 380991777?
False
Is 2 a factor of 270121318?
True
Does 20 divide 32040920?
True
Is 22 a factor of 828875432?
True
Is 115 a factor of 55729120?
False
Is 106136348 a multiple of 76?
False
Is 44179662 a multiple of 22?
False
Is 29 a factor of 730828303?
False
Does 57 divide 481484985?
True
Is 30 a factor of 19901776?
False
Is 47 a factor of 1098977962?
False
Does 6 divide 348093426?
True
Does 2209 divide 157751317?
True
Is 1074 a factor of 26190564?
True
Does 10 divide 5199056087?
False
Is 5971654 a multiple of 13?
True
Is 71348700 a multiple of 300?
True
Is 31679477 a multiple of 648?
False
Does 1455 divide 2232249360?
True
Does 477 divide 188946056?
False
Does 1116 divide 4310452361?
False
Is 1534560 a multiple of 46?
True
Does 1265 divide 2206664735?
True
Does 1641 divide 64181790?
False
Does 108 divide 1589004?
True
Is 6700536387 a multiple of 3309?
True
Is 831 a factor of 1298065212?
True
Does 211 divide 182469304?
False
Is 1057 a factor of 1872557946?
True
Is 29728468 a multiple of 154?
True
Does 502 divide 127120456?
True
Is 402069325 a multiple of 161?
True
Is 14090374 a multiple of 542?
True
Does 196 divide 3020998093?
False
Is 41 a factor of 81936122?
True
Does 128 divide 167829248?
True
Is 65 a factor of 17387500?
True
Does 9 divide 715705533?
True
Is 35210325 a multiple of 475?
True
Is 1521 a factor of 51374912?
False
Does 7 divide 8705585?
True
Does 305 divide 105896000?
True
Does 30 divide 180932632?
False
Is 131878307 a multiple of 5?
False
Is 9729137 a multiple of 200?
False
Does 24 divide 18367401?
False
Is 188 a factor of 7422428?
True
Does 10 divide 2080674864?
False
Is 303615650 a multiple of 34?
False
Is 1105950 a multiple of 192?
False
Is 511 a factor of 233929965?
False
Is 705 a factor of 16125465?
True
Is 298 a factor of 828819224?
False
Is 11 a factor of 30130590?
False
Is 6321130 a multiple of 13?
False
Does 3013 divide 496196395?
False
Is 6890 a factor of 1164072390?
True
Is 710984392 a multiple of 776?
True
Is 239 a factor of 44156684?
True
Is 217 a factor of 381703?
True
Does 1249 divide 39183057?
False
Is 83 a factor of 106834654?
False
Does 1720 divide 85268935?
False
Does 2183 divide 126431252?
False
Is 3507651169 a multiple of 473?
True
Is 61164648 a multiple of 38?
True
Is 1248008860 a multiple of 470?
True
Does 2 divide 96675732?
True
Is 53409883 a multiple of 3064?
False
Is 9 a factor of 228827934?
True
Is 2480 a factor of 47147363?
False
Is 195 a factor of 112160090?
False
Is 23 a factor of 220691106?
False
Is 1100371281 a multiple of 1580?
False
Is 115102784 a multiple of 4?
True
Does 937 divide 34778629?
True
Is 1379 a factor of 363236326?
False
Is 3 a factor of 8016522?
True
Does 29 divide 18535738?
False
Does 23 divide 417342732?
False
Is 3155952898 a multiple of 88?
False
Is 519405810 a multiple of 27?
False
Is 165 a factor of 627884116?
False
Is 139312406 a multiple of 29?
False
Does 12 divide 341052?
True
Is 2725 a factor of 73589744?
False
Is 63 a factor of 255696462?
True
Is 33042359 a multiple of 7?
True
Is 530 a factor of 23168420?
True
Is 42 a factor of 266660650?
False
Is 21490609 a multiple of 787?
True
Does 822 divide 87231891?
False
Is 590 a factor of 195762590?
True
Is 1181692120 a multiple of 590?
True
Is 76 a factor of 29489140?
True
Is 12237550 a multiple of 917?
False
Is 338132600 a multiple of 52?
True
Is 1015 a factor of 788663120?
True
Is 2871076110 a multiple of 98?
True
Is 794 a factor of 1022985630?
True
Is 19 a factor of 125811478?
False
Is 141 a factor of 41609523?
True
Does 517 divide 90571647?
False
Does 5447 divide 488274527?
True
Is 11 a factor of 94214804?
False
Is 7667420 a multiple of 5?
True
Does 37 divide 98812311?
True
Is 44696660 a multiple of 20?
True
Is 56994860 a multiple of 62?
False
Is 157 a factor of 1039497?
True
Does 24 divide 2996616?
True
Is 460 a factor of 21397346?
False
Is 4099 a factor of 1038669005?
False
Is 1816033512 a multiple of 1812?
True
Does 1033 divide 24681469?
True
Does 928 divide 5088486522?
False
Does 468 divide 31268398?
False
Does 11 divide 198616539?
True
Is 108 a factor of 54412411?
False
Is 6 a factor of 100121077?
False
Does 1418 divide 58140836?
True
Is 514 a factor of 11132603?
False
Is 512 a factor of 21251584?
True
Is 680322389 a multiple of 11?
False
Is 4521582 a multiple of 2?
True
Does 16 divide 16607397?
False
Does 20 divide 264083520?
True
Is 1951 a factor of 564855471?
True
Is 7860 a factor of 2687837040?
True
Is 1498920011 a multiple of 38?
False
Is 2690240378 a multiple of 21?
False
Is 2346 a factor of 97058712?
True
Is 173 a factor of 93948861?
True
Is 201 a factor of 161032557?
True
Is 112 a factor of 444488277?
False
Is 164010120 a multiple of 44?
False
Does 40 divide 187350058?
False
Does 136 divide 917702432?
True
Is 48 a factor of 28966128?
True
Does 594 divide 1060036730?
False
Does 132 divide 670490583?
False
Does 122 divide 101588180?
True
Is 17146131 a multiple of 1116?
False
Is 250836334 a multiple of 6?
False
Is 224228334 a multiple of 1518?
True
Is 1385 a factor of 23817845?
True
Is 2487946569 a multiple of 1510?
False
Does 150 divide 33881234?
False
Does 28 divide 33589220?
True
Does 1040 divide 384036640?
True
Is 16749760 a multiple of 170?
True
Does 3176 divide 28841256?
True
Does 91 divide 736458632?
True
Is 4538367 a multiple of 141?
True
Is 4185964 a multiple of 251?
False
Does 6039 divide 3097721813?
False
Does 139 divide 41509999?
False
Does 77 divide 65355758?
False
Is 66532239 a multiple of 991?
False
Is 131 a factor of 273906676?
False
Is 57645434 a multiple of 22?
True
Is 2572497 a multiple of 4?
False
Is 37776383 a multiple of 354?
False
Is 11 a factor of 900930744?
False
Is 19114918 a multiple of 12?
False
Does 290 divide 27925840?
True
Is 79 a factor of 771852436?
True
Is 68817215 a multiple of 1156?
False
Is 49776920 a multiple of 33?
False
Is 32002470 a multiple of 994?
False
Does 322 divide 16529548?
True
Does 313 divide 8235030?
True
Is 114122097 a multiple of 1167?
True
Does 6 divide 599253169?
False
Is 6 a factor of 9670236?
True
Is 231 a factor of 1032910903?
False
Is 15 a factor of 16682190?
True
Does 71 divide 93012877?
False
Is 358 